st common factor of 2 and l.
2
Suppose b - 4 = 3. What is the greatest common divisor of 2 and b?
1
Suppose c - 5*z - 9 = -z, -5*z = 2*c + 34. Let l be (-12)/(2 - c/(-2)). Suppose w - 2*m - 2 - 3 = 0, 10 = -5*m. Calculate the greatest common factor of l and w.
1
Let o = -90 - -143. Suppose 5*p = 37 + o. Calculate the highest common factor of 45 and p.
9
Suppose 125 = 5*i + 3*v, 3*i - i - 4*v - 24 = 0. Suppose f - 3*f + 110 = 0. Calculate the greatest common factor of f and i.
11
Let l(g) = -g + 8. Let z be l(-9). What is the greatest common factor of 187 and z?
17
Let b be 2/((-10)/(-45)) - -2. What is the highest common factor of b and 143?
11
Let t(j) = -2*j**2 - 31*j - 6. Let w(u) = u**2 + 15*u + 3. Let a(b) = -6*t(b) - 13*w(b). Let h be a(-7). What is the highest common divisor of h and 11?
11
Suppose k - 13 = -3*n, 5*k + 0*k = -2*n. Suppose 2*h - 5*l = -3, -2*h = -n*h + 3*l. Calculate the greatest common divisor of 1 and h.
1
Let p = -100 - -140. What is the greatest common divisor of p and 120?
40
Suppose 0*u - u - 2*v + 100 = 0, 3*u - 292 = 2*v. Let w = 39 + -25. Calculate the greatest common divisor of w and u.
14
Let x be 47/7 + (-4)/(-14). Let w = 66 + -31. What is the highest common factor of w and x?
7
Suppose -9*m + 3*m = -810. Calculate the highest common factor of 15 and m.
15
Let x(t) = -t**2 - 12*t - 3. Let r be x(-8). What is the highest common divisor of r and 319?
29
Suppose 0 = -4*y - h + 42, -y - 3*h + 26 = y. Suppose i + 122 = 3*i. Let n = -21 + i. What is the greatest common divisor of y and n?
10
Let d be 2*6/(5 + -3). Calculate the greatest common factor of 48 and d.
6
Suppose 100 = 3*u - 155. Let n(c) = -c**3 - 4*c**2 - 6*c - 4. Let k be n(-5). Suppose -v = 2*v - k. What is the greatest common factor of v and u?
17
Let p be 48/(-36)*(-3)/(-2)*-32. Calculate the highest common factor of 48 and p.
16
Let g be (1/6)/((-2)/(-12)). Calculate the highest common divisor of 7 and g.
1
Let l(g) = g**3 - 5*g**2 - 6*g. Let m be l(6). Suppose x - 8 = -m*x. Calculate the highest common divisor of x and 12.
4
Let c(j) = -10*j**3 + 3*j**2 + 4*j + 2. Let k be c(-1). Calculate the greatest common factor of 1 and k.
1
Let b(n) = 11*n - 6. Let y be b(1). What is the greatest common divisor of 2 and y?
1
Let u = -6 + 6. Let b = u + 0. Suppose b = a - 3 - 6. Calculate the highest common factor of 36 and a.
9
Suppose -3*c - r = -13, -2*r - 8 - 2 = -3*c. Let o(h) = -6*h - 8. Let l be o(-6). What is the greatest common divisor of c and l?
4
Let k = -7 + 4. Let h = 12 + k. Let d(v) = 2*v**2 - 7*v + 2. Let i be d(4). What is the highest common divisor of h and i?
3
Suppose 2*o + 3*o - 36 = -t, 2*t = -2*o + 8. Let g(z) = -z**3 + 8*z**2 + z - 5. Let k be g(o). Calculate the greatest common divisor of 2 and k.
1
Suppose -y + 2*r - r = -53, 5*y + 4*r - 283 = 0. Calculate the greatest common divisor of y and 11.
11
Let v(a) = -2*a - 14. Let b be v(-8). Calculate the highest common factor of 18 and b.
2
Let v(a) = a + 39. Let z be v(-8). What is the greatest common factor of 31 and z?
31
Suppose q + 120 = 3*q. Suppose 4*v + v = q. Suppose -4*a + 277 = 5*s + 90, 0 = -5*a + 2*s + 242. What is the highest common factor of v and a?
12
Suppose q - 345 = -4*t, -9 = 5*t + 6. Calculate the greatest common factor of q and 51.
51
Let r(p) = -4*p + 24. Let o be r(6). Let v(m) be the first derivative of m**3/3 + 27*m - 1. Let s be v(o). What is the greatest common factor of s and 3?
3
Suppose 164 + 100 = 6*j. What is the highest common factor of 11 and j?
11
Let n(c) = 2*c**3 + c**2 - 4*c - 6. Let z be n(-4). Let x = -13 + 19. Let q be ((-4)/x)/(4/z). What is the highest common factor of 153 and q?
17
Let a be (1 - (-102)/2) + 3. Suppose -2*j - 2*m = 3*j - a, 2*j - 2*m = 8. What is the greatest common factor of j and 36?
9
Let x be ((-16)/3)/(1/(-15)). Suppose 5*o + 11 = -d + 33, 3*o = -6. What is the highest common factor of d and x?
16
Let r(w) = 4*w + 4. Let a be r(14). What is the greatest common factor of a and 20?
20
Suppose -3*v - 2*v + 15 = 0. Let f be (-145)/(-25) - 2/(-10). What is the greatest common factor of v and f?
3
Let m be (-84)/(-18) + 2/6. What is the highest common factor of m and 55?
5
Let v = -57 + 101. Calculate the greatest common factor of v and 11.
11
Let x = -8 + 16. Let j = 77 + -29. What is the greatest common divisor of x and j?
8
Suppose -2*p = -t - 35, 80 = 2*p + 3*p - t. What is the highest common divisor of 3 and p?
3
Let m be (-6)/(-4)*(-44)/(-33). Suppose 2*r + r + 4*u - 412 = 0, -2*r = m*u - 272. Calculate the greatest common divisor of 12 and r.
12
Let f(v) = v**2 - 1. Let n be f(-3). Calculate the greatest common factor of n and 8.
8
Suppose 0 = -3*l - 0*l + 18. Suppose 0 = 5*y - l - 49. Let k(b) = 3*b**2 + 4*b - 7. Let z be k(-6). Calculate the greatest common divisor of z and y.
11
Suppose 0 = -2*a + 3*a - 192. Let q = a + -102. Calculate the greatest common divisor of q and 10.
10
Suppose 4*s = -0 + 20. Calculate the highest common divisor of s and 40.
5
Suppose 0 = c - 2*c + 2*f + 4, 0 = 5*c + 2*f - 44. Calculate the greatest common divisor of 2 and c.
2
Let v(k) = -11*k. Suppose 7 + 3 = -2*d. Let b be v(d). Let h = 14 + -9. Calculate the highest common factor of h and b.
5
Let v(f) = -9*f + 16. Let q be v(-11). Calculate the greatest common divisor of q and 46.
23
Let d(q) = q - 5. Let m be d(5). Let c be 0*(-1 - m)/1. Suppose 1 = -2*j + 5*f - 3, c = j - f - 4. What is the greatest common divisor of j and 32?
8
Suppose 2*q + 340 = 2*z, 5 = 3*q - 10. Suppose z = 5*r + 4*d, 3*r + 0*d - d = 105. Calculate the greatest common factor of 14 and r.
7
Let w(d) = -2*d + 44. Let z be w(0). Let b = z - 18. What is the greatest common factor of 65 and b?
13
Suppose -2*d + 223 = 4*p - 3*d, 5*d + 163 = 3*p. Calculate the greatest common divisor of p and 16.
8
Let q be (1/(3/18))/1. Let v(i) = i**3 - 7*i**2 + 9*i - 4. Let m be v(q). Let h = -28 + 30. Calculate the greatest common factor of h and m.
2
Suppose -2*r = -2, 3*n = -r - 2*r + 12. Suppose 2 - 47 = -n*a. Calculate the highest common divisor of 135 and a.
15
Let k(f) = f**3 - 7*f**2 - 7*f + 1. Let p be k(8). What is the greatest common factor of p and 9?
9
Let v(n) = n**2 - n. Let k be v(-1). Let m be (-6)/((k/5)/(-1)). What is the greatest common divisor of 75 and m?
15
Let q(b) = 7*b**2 + b + 5. Let r(m) = -m**2 - m. Let z(y) = q(y) + 4*r(y). Let v be z(2). Calculate the greatest common divisor of v and 33.
11
Let c(z) = 13*z**2 + 3. Let y be c(-2). Calculate the highest common factor of y and 5.
5
Suppose 0*t + t = 2. Let p(i) = i**2 + 4*i - 2. Let a be p(-4). Let n be t*12 + a + 1. Calculate the highest common factor of 92 and n.
23
Let g be ((-3)/(-2))/(21/196). Let v(f) = f**2 + f + 5. Let r be v(-6). Calculate the greatest common factor of r and g.
7
Let b be (-68)/6*9/(-6). Let m(q) = -q**3 - 24*q**2 - 6*q + 9. Let x be m(-24). What is the highest common divisor of b and x?
17
Suppose 195 = 5*t - 3*d, -3*t + d = 4*d - 141. Let q be (-6)/(-4)*(4 + -6). Let x be 3*(-3 + (-23)/q). Calculate the greatest common divisor of t and x.
14
Let i be (-1)/((2/6)/((-40)/12)). Calculate the highest common factor of 80 and i.
10
Let w be -9*(4 + -5)*6. What is the highest common factor of w and 6?
6
Suppose 0 = -5*a + 5*c + 270, -36 + 102 = a - 5*c. Let q(u) = -u**2 - 17*u + 17. Let f be q(-17). What is the highest common factor of a and f?
17
Let v = -7 - -16. Let a(l) = -l**3 - 7*l**2 + 1. Let r be a(-7). Suppose i = 2*i - r. Calculate the highest common factor of i and v.
1
Suppose -9 = -2*q + 5*q. Let z be q/(-4)*(110 + 2). Suppose -12 = -j - 0*j. What is the greatest common factor of z and j?
12
Let b = 0 - 0. Suppose b = 2*f - 6*f - 48. Let z be (f/4)/((-1)/15). Calculate the greatest common factor of 5 and z.
5
Let r(l) = l + 11. Let q be r(-8). Suppose -6*u = -q*u - 12. Let p be u/2*(5 - -2). What is the highest common factor of 126 and p?
14
Let a(t) = 7*t - 6. Let r be a(6). Let g be -1 + 26 - (-4)/(-4). What is the highest common divisor of r and g?
12
Let j = 116 - 66. Let f(v) = -v**3 + 4*v**2 + 5*v + 1. Let m be f(6). Let r = m + 66. What is the greatest common divisor of j and r?
25
Let w(a) = -a**3 + 12*a**2 + 12*a + 22. Let f be w(13). Let k(q) = 99*q**2 + q 